 is 11010 - -1101011?
10000101
In base 8, what is 1 - -327?
330
In base 5, what is 21322 - -1?
21323
In base 12, what is 0 + 3a5?
3a5
In base 2, what is 1 - 100011001?
-100011000
In base 12, what is 15 + 67?
80
In base 15, what is 11 + 3?
14
In base 15, what is 25 - 2?
23
In base 10, what is 117 - -5?
122
In base 7, what is 5 + -150?
-142
In base 9, what is -18 + 53?
34
In base 7, what is -16 - -3?
-13
In base 9, what is -11210 + 0?
-11210
In base 8, what is -1745 - 5?
-1752
In base 2, what is 11111 - -101000?
1000111
In base 5, what is 144 + -4?
140
In base 13, what is -6 + 0?
-6
In base 10, what is -2146 + 1?
-2145
In base 12, what is 248 + -19?
22b
In base 2, what is -1 + -10101?
-10110
In base 5, what is 14241 - 2?
14234
In base 9, what is 0 - -525?
525
In base 11, what is -91 + -14?
-a5
In base 8, what is 2 + -52?
-50
In base 5, what is -30 - -10?
-20
In base 6, what is 443 - -144?
1031
In base 13, what is 229c - 2?
229a
In base 9, what is -26 - 23?
-50
In base 3, what is 221 + 112120?
120111
In base 4, what is 0 - 211230?
-211230
In base 7, what is -152 + 2?
-150
In base 12, what is 12 - -235?
247
In base 6, what is -413022 + -3?
-413025
In base 9, what is -3 - -75?
72
In base 10, what is -1 - 564?
-565
In base 14, what is 4 - -c?
12
In base 4, what is 0 - -30030?
30030
In base 14, what is -3 + 70?
6b
In base 16, what is -3 - 13?
-16
In base 7, what is 4105 + 1?
4106
In base 13, what is 3b - 23?
18
In base 4, what is 3 - 212?
-203
In base 4, what is 2 - -1200?
1202
In base 16, what is -7 - -10?
9
In base 4, what is -101300 + -3?
-101303
In base 10, what is -2 + -3?
-5
In base 13, what is 1 + 8b?
8c
In base 10, what is -10 + -9?
-19
In base 9, what is 58 - -1?
60
In base 8, what is 25514 + -3?
25511
In base 10, what is -2 + -1126?
-1128
In base 9, what is 1 - 2017?
-2016
In base 8, what is -2 - -223?
221
In base 6, what is -4 - 12220?
-12224
In base 6, what is -4 + -105?
-113
In base 7, what is 2 + 40?
42
In base 2, what is 0 - -11110010?
11110010
In base 9, what is 1 - 444?
-443
In base 15, what is d21 - 0?
d21
In base 15, what is e - 3dc?
-3cd
In base 2, what is -11 + 111000110110?
111000110011
In base 2, what is 0 - 1000001100111?
-1000001100111
In base 2, what is 11 + -1000111010100?
-1000111010001
In base 7, what is 130 - 20?
110
In base 8, what is -12361 - -4?
-12355
In base 5, what is -1044032 - 0?
-1044032
In base 6, what is 315 + -411?
-52
In base 7, what is 15 + -251?
-233
In base 13, what is 2c + -c4?
-95
In base 7, what is 65614 + 5?
65622
In base 14, what is -7 - -87?
80
In base 15, what is -e + 27?
18
In base 6, what is 15420 + 2?
15422
In base 15, what is -2 + -4?
-6
In base 6, what is 11 + 13144?
13155
In base 5, what is 2 - 12?
-10
In base 3, what is 1 + 1022?
1100
In base 11, what is 4 + -60?
-57
In base 15, what is -3 - -75?
72
In base 12, what is 9a6 + 4?
9aa
In base 6, what is 12 + 51?
103
In base 3, what is -10 - 1220?
-2000
In base 13, what is -ba - 1?
-bb
In base 7, what is 1145 + -4?
1141
In base 7, what is 4 - -433?
440
In base 6, what is -4 + 4?
0
In base 5, what is 0 - -4112?
4112
In base 13, what is -3 + 29?
26
In base 11, what is -15 + -1?
-16
In base 13, what is 89 - -1?
8a
In base 4, what is -2 - 1021?
-1023
In base 3, what is -2 - 1202?
-1211
In base 14, what is 144 + -8?
13a
In base 8, what is -144 - -40?
-104
In base 3, what is 0 - 200?
-200
In base 11, what is 1229 - -8?
1236
In base 7, what is -303 + 12?
-261
In base 13, what is -6 - 22?
-28
In base 9, what is -88 - -3?
-85
In base 15, what is 1 + 3a?
3b
In base 2, what is -1011111 - 11?
-1100010
In base 4, what is -10 - -201011?
201001
In base 8, what is 11 - 104?
-73
In base 6, what is 44 - 2420?
-2332
In base 4, what is -233 - 1112?
-2011
In base 12, what is 12 + -84?
-72
In base 5, what is -3 - 12044?
-12102
In base 5, what is -40 - -441?
401
In base 6, what is 4 + -3405?
-3401
In base 10, what is -494 - -4?
-490
In base 15, what is 460 + c?
46c
In base 2, what is -10 - 111100?
-111110
In base 7, what is 23 - -121?
144
In base 12, what is -3a - -3?
-37
In base 16, what is -7 - 5ce?
-5d5
In base 11, what is -5 - -628?
623
In base 8, what is 176 - -4?
202
In base 3, what is 22010220 + 0?
22010220
In base 9, what is -4 - 32?
-36
In base 4, what is -3 - -2221?
2212
In base 14, what is 3d + -6?
37
In base 9, what is 20 + 3?
23
In base 12, what is -5 + -108?
-111
In base 7, what is -5 + -2423?
-2431
In base 5, what is -1222 - 4?
-1231
In base 8, what is 216 + 7?
225
In base 6, what is -2 - -21?
15
In base 9, what is -248 - 5?
-254
In base 3, what is 111 - -2021?
2202
In base 15, what is -20 + -7?
-27
In base 14, what is acb + 2?
acd
In base 4, what is 32 + 12?
110
In base 15, what is 7 - -e09?
e11
In base 5, what is -343 - 10?
-403
In base 2, what is -10 - -1100001000?
1100000110
In base 9, what is -27440 + -2?
-27442
In base 14, what is 45 + -8c?
-47
In base 4, what is 0 + -303021?
-303021
In base 13, what is -2435 + 2?
-2433
In base 16, what is -1e7 + -1?
-1e8
In base 14, what is -5 + -ad?
-b4
In base 14, what is 199a - -5?
19a1
In base 3, what is -2 + 10210?
10201
In base 13, what is -86 + -3?
-89
In base 15, what is -4 + 1ac?
1a8
In base 5, what is 2241 - -12?
2303
In base 10, what is -23 + 70?
47
In base 7, what is 11 - -35?
46
In base 12, what is -1 + -74b?
-750
In base 16, what is -5 - -a?
5
In base 7, what is -545 - 20?
-565
In base 15, what is 2 + 2b9?
2bb
In base 12, what is 1 + 48b?
490
In base 9, what is -1783 - 5?
-1788
In base 8, what is 326 - 1?
325
In base 9, what is 3 - -184?
187
In base 8, what is 643 + 5?
650
In base 11, what is 96 + 6?
a1
In base 13, what is -3 - -23?
20
In base 5, what is -223 - 43?
-321
In base 6, what is -2 + -32?
-34
In base 15, what is -2 - -132?
130
In base 15, what is 0 - 189?
-189
In base 9, what is -5 - -40?
34
In base 3, what is 102020 + -11?
102002
In base 9, what is 2617 - 2?
2615
In base 9, what is 5 + -1364?
-1358
In base 9, what is -22 - 17?
-40
In base 11, what is 14 - -173?
187
In base 15, what is 1dc - -b?
1e8
In base 8, what is 4 - -3603?
3607
In base 7, what is -10 - -50?
40
In base 16, what is -11 - -e?
-3
In base 4, what is 0 + -11301?
-11301
In base 6, what is 312 + 3?
315
In base 8, what is -5 + 56?
51
In base 12, what is -2b - -5?
-26
In base 15, what is -17d + 5?
-178
In base 9, what is 1477 + 2?
1480
In base 15, what is 39e + 1?
3a0
In base 7, what is -3 - -104?
101
In base 14, what is -193 - 0?
-193
In base 3, what is -2122 + 100?
-2022
In base 8, what is 37 + -674?
-635
In base 9, what is 1 + -431?
-430
In base 4, what is 31331 - -10?
32001
In base 11, what is 4 - -27?
30
In base 4, what is 221100 - -11?
221111
In base 7, what is -22 + -5?
-30
In base 5, what is -1 - 133?
-134
In base 7, what is -126 - -31?
-65
In base 10, what is 0 + 892?
892
In base 9, what is 2 + -515?
-513
In base 15, what is -230 - -5?
-22a
In base 7, what is -63 + 131?
35
In base 8, what is 466 - 4?
462
In base 4, what is -2 - 10312?
-10320
In base 10, what is 1 + -16?
-15
In base 2, what is 1110 - 101?
1001
In base 9, what is -543 + 2?
-541
In base 12, what is 241 - 1?
240
In base 5, what is 2031 + 1?
2032
In base 8, what is 111035 - 5?
111030
In base 11, what is 13 + -101?
-99
In base 11, what is 0 + 2508?
2508
In base 13, what is -3 - 205?
-208
In base 10, what is 27 + -107?
-80
In base 11, what is 7 + 194?
1a0
In base 6, what is 52 + -215?
-123
In base 2, what is -111 + 11101?
10110
In base 10, what is -54 - 19?
-73
In base 3, what is -20220 - -12?
-20201
In base 2, what is -1010001 + 10?
-1001111
In base 2, what is -100 + 11101?
11001
In base 2, what is 100 - 1001101110?
-1001101010
In base 3, what is -102 - 200?
-1002
In base 16, what is -e07 - -1?
-e06
In base 13, what is 15 + -7c?
-67
In base 7, what is 16 + -11?
5
In base 7, what is -221 - -13?
-205
In base 5, what is 400 + -11?
334
In base 15, what is -2 - 1?
-3
In base 15, what is 0 + 121?
121
In base 4, what is -20 - 11202?
-11222
In base 2, what is 1110 + -111?
111
In base 5, what is 1 - -20024?
20030
In base 2, what is -100001000100111 - 11?
-100001000101010
In base 5, what is 304 + -31?
223
In base 4, what is 0 + -13112?
-13112
In base 6, what is -301 - 2?
-303
In base 4, what is 10 - -312210?
312220
In base 8, what is -6 + 104?
76
In base 12, wha